{"id":1783,"date":"2026-03-31T20:48:01","date_gmt":"2026-03-31T18:48:01","guid":{"rendered":"http:\/\/127.0.0.1:32771\/?post_type=product&#038;p=1783"},"modified":"2026-03-31T20:52:11","modified_gmt":"2026-03-31T18:52:11","slug":"pastaluce","status":"publish","type":"product","link":"https:\/\/www.pixel-aire.labo.infochartreux.fr\/?product=pastaluce","title":{"rendered":"PastaLuce"},"content":{"rendered":"<p data-start=\"156\" data-end=\"307\">Plongez dans une exp\u00e9rience gastronomique d\u2019exception avec nos <strong data-start=\"219\" data-end=\"259\">tagliatelles fra\u00eeches holographiques<\/strong>, sublim\u00e9es par une onctueuse sauce \u00e0 la truffe.<\/p>\n<p data-start=\"309\" data-end=\"603\">Chaque ruban de p\u00e2te est reproduit en <strong data-start=\"347\" data-end=\"376\">ultra-haute d\u00e9finition 3D<\/strong>, r\u00e9v\u00e9lant une texture soyeuse et une brillance naturelle qui \u00e9voluent subtilement sous une lumi\u00e8re immersive. La sauce cr\u00e9meuse \u00e0 la truffe nappe d\u00e9licatement les tagliatelles, offrant un rendu visuel d\u2019un r\u00e9alisme saisissant.<\/p>\n<p data-start=\"605\" data-end=\"955\">Un syst\u00e8me avanc\u00e9 de <strong data-start=\"626\" data-end=\"669\">diffusion olfactive en micro-impulsions<\/strong> lib\u00e8re progressivement l\u2019ar\u00f4me profond et envo\u00fbtant de la truffe noire, invitant \u00e0 une d\u00e9gustation lente, immersive et parfaitement ma\u00eetris\u00e9e. En parall\u00e8le, la <strong data-start=\"830\" data-end=\"865\">stimulation gustative neuronale<\/strong> restitue la richesse et la finesse des saveurs, pour une exp\u00e9rience sensorielle compl\u00e8te.<\/p>\n<p data-start=\"957\" data-end=\"1213\">L\u2019interaction enrichit chaque instant : les p\u00e2tes s\u2019enroulent naturellement autour de la fourchette virtuelle, d\u00e9clenchant une <strong data-start=\"1084\" data-end=\"1124\">intensification aromatique dynamique<\/strong> qui accentue la profondeur du parfum et renforce l\u2019illusion d\u2019un plat fra\u00eechement servi.<\/p>\n<p data-start=\"1215\" data-end=\"1237\"><strong data-start=\"1218\" data-end=\"1237\">Les avantages :<\/strong><\/p>\n<ul data-start=\"1238\" data-end=\"1552\">\n<li data-section-id=\"1mz6vj1\" data-start=\"1238\" data-end=\"1289\">Exp\u00e9rience culinaire immersive et sans calories<\/li>\n<li data-section-id=\"1lxc7h3\" data-start=\"1290\" data-end=\"1350\">Rendu visuel et sensoriel d\u2019une pr\u00e9cision exceptionnelle<\/li>\n<li data-section-id=\"17datz6\" data-start=\"1351\" data-end=\"1419\">Diffusion aromatique progressive pour une d\u00e9gustation consciente<\/li>\n<li data-section-id=\"1g39749\" data-start=\"1420\" data-end=\"1454\">Interaction fluide et r\u00e9aliste<\/li>\n<li data-section-id=\"1iyjmum\" data-start=\"1455\" data-end=\"1552\">Id\u00e9al pour la gastronomie du futur, l\u2019h\u00f4tellerie de luxe et les exp\u00e9riences digitales premium<\/li>\n<\/ul>\n<p data-start=\"1554\" data-end=\"1630\"><strong data-start=\"1554\" data-end=\"1630\">L\u2019\u00e9l\u00e9gance de la haute cuisine, r\u00e9invent\u00e9e dans une dimension virtuelle.<\/strong><\/p>\n","protected":false},"excerpt":{"rendered":"<p>Plongez dans une exp\u00e9rience gastronomique d\u2019exception avec nos tagliatelles fra\u00eeches holographiques, sublim\u00e9es par une onctueuse sauce \u00e0 la truffe. Chaque ruban de p\u00e2te est reproduit en ultra-haute d\u00e9finition 3D, r\u00e9v\u00e9lant une texture soyeuse et une brillance naturelle qui \u00e9voluent subtilement sous une lumi\u00e8re immersive. La sauce cr\u00e9meuse \u00e0 la truffe nappe d\u00e9licatement les tagliatelles, offrant [&hellip;]<\/p>\n","protected":false},"featured_media":1784,"comment_status":"open","ping_status":"closed","template":"","meta":[],"product_brand":[],"product_cat":[27],"product_tag":[],"class_list":{"0":"post-1783","1":"product","2":"type-product","3":"status-publish","4":"has-post-thumbnail","6":"product_cat-casual","8":"first","9":"instock","10":"shipping-taxable","11":"purchasable","12":"product-type-simple"},"_links":{"self":[{"href":"https:\/\/www.pixel-aire.labo.infochartreux.fr\/index.php?rest_route=\/wp\/v2\/product\/1783","targetHints":{"allow":["GET"]}}],"collection":[{"href":"https:\/\/www.pixel-aire.labo.infochartreux.fr\/index.php?rest_route=\/wp\/v2\/product"}],"about":[{"href":"https:\/\/www.pixel-aire.labo.infochartreux.fr\/index.php?rest_route=\/wp\/v2\/types\/product"}],"replies":[{"embeddable":true,"href":"https:\/\/www.pixel-aire.labo.infochartreux.fr\/index.php?rest_route=%2Fwp%2Fv2%2Fcomments&post=1783"}],"wp:featuredmedia":[{"embeddable":true,"href":"https:\/\/www.pixel-aire.labo.infochartreux.fr\/index.php?rest_route=\/wp\/v2\/media\/1784"}],"wp:attachment":[{"href":"https:\/\/www.pixel-aire.labo.infochartreux.fr\/index.php?rest_route=%2Fwp%2Fv2%2Fmedia&parent=1783"}],"wp:term":[{"taxonomy":"product_brand","embeddable":true,"href":"https:\/\/www.pixel-aire.labo.infochartreux.fr\/index.php?rest_route=%2Fwp%2Fv2%2Fproduct_brand&post=1783"},{"taxonomy":"product_cat","embeddable":true,"href":"https:\/\/www.pixel-aire.labo.infochartreux.fr\/index.php?rest_route=%2Fwp%2Fv2%2Fproduct_cat&post=1783"},{"taxonomy":"product_tag","embeddable":true,"href":"https:\/\/www.pixel-aire.labo.infochartreux.fr\/index.php?rest_route=%2Fwp%2Fv2%2Fproduct_tag&post=1783"}],"curies":[{"name":"wp","href":"https:\/\/api.w.org\/{rel}","templated":true}]}}